{"id":144,"date":"2020-09-17T18:37:47","date_gmt":"2020-09-17T18:37:47","guid":{"rendered":"http:\/\/www.shoot-gun.pl\/?page_id=144"},"modified":"2021-09-07T11:47:32","modified_gmt":"2021-09-07T11:47:32","slug":"oferta","status":"publish","type":"page","link":"https:\/\/shoot-gun.pl\/index.php\/oferta\/","title":{"rendered":"Oferta"},"content":{"rendered":"\t\t<div data-elementor-type=\"wp-page\" data-elementor-id=\"144\" class=\"elementor elementor-144\" data-elementor-settings=\"[]\">\n\t\t\t\t\t\t<div class=\"elementor-inner\">\n\t\t\t\t\t\t\t<div class=\"elementor-section-wrap\">\n\t\t\t\t\t\t\t<section class=\"elementor-section elementor-top-section elementor-element elementor-element-5d3fdae1 elementor-section-boxed elementor-section-height-default elementor-section-height-default\" data-id=\"5d3fdae1\" data-element_type=\"section\">\n\t\t\t\t\t\t<div class=\"elementor-container elementor-column-gap-default\">\n\t\t\t\t\t\t\t<div class=\"elementor-row\">\n\t\t\t\t\t<div class=\"elementor-column elementor-col-100 elementor-top-column elementor-element elementor-element-22500bee\" data-id=\"22500bee\" data-element_type=\"column\">\n\t\t\t<div class=\"elementor-column-wrap elementor-element-populated\">\n\t\t\t\t\t\t\t<div class=\"elementor-widget-wrap\">\n\t\t\t\t\t\t<div class=\"elementor-element elementor-element-4293c03 elementor-widget elementor-widget-spacer\" data-id=\"4293c03\" data-element_type=\"widget\" data-widget_type=\"spacer.default\">\n\t\t\t\t<div class=\"elementor-widget-container\">\n\t\t\t\t\t<div class=\"elementor-spacer\">\n\t\t\t<div class=\"elementor-spacer-inner\"><\/div>\n\t\t<\/div>\n\t\t\t\t<\/div>\n\t\t\t\t<\/div>\n\t\t\t\t<div class=\"elementor-element elementor-element-6ae79b7 elementor-invisible elementor-widget elementor-widget-text-editor\" data-id=\"6ae79b7\" data-element_type=\"widget\" data-settings=\"{&quot;_animation&quot;:&quot;slideInLeft&quot;}\" data-widget_type=\"text-editor.default\">\n\t\t\t\t<div class=\"elementor-widget-container\">\n\t\t\t\t\t<div class=\"elementor-text-editor elementor-clearfix\"><h5 class=\"elementor-heading-title elementor-size-xl\" style=\"line-height: 1.6em; font-family: Roboto, sans-serif; font-size: 29px; color: rgb(255, 255, 255);\">Ofert\u0119 kieruj\u0119 do os\u00f3b zainteresowanych zdobyciem do\u015bwiadczenia w dziedzinie strzelectwa i znajomo\u015bci obs\u0142ugi broni palnej. Nie musisz mie\u0107 \u017cadnego do\u015bwiadczenia, ani uprawnie\u0144, aby postrzela\u0107 z prawdziwej broni palnej.<br><br>Oferuj\u0119:<\/h5><\/div>\n\t\t\t\t<\/div>\n\t\t\t\t<\/div>\n\t\t\t\t<div class=\"elementor-element elementor-element-e03a7f4 elementor-align-center elementor-icon-list--layout-traditional elementor-list-item-link-full_width elementor-invisible elementor-widget elementor-widget-icon-list\" data-id=\"e03a7f4\" data-element_type=\"widget\" data-settings=\"{&quot;_animation&quot;:&quot;slideInRight&quot;}\" data-widget_type=\"icon-list.default\">\n\t\t\t\t<div class=\"elementor-widget-container\">\n\t\t\t\t\t<ul class=\"elementor-icon-list-items\">\n\t\t\t\t\t\t\t<li class=\"elementor-icon-list-item\">\n\t\t\t\t\t\t\t\t\t\t\t<span class=\"elementor-icon-list-icon\">\n\t\t\t\t\t\t\t<svg xmlns=\"http:\/\/www.w3.org\/2000\/svg\" xmlns:xlink=\"http:\/\/www.w3.org\/1999\/xlink\" id=\"Capa_1\" x=\"0px\" y=\"0px\" viewBox=\"0 0 496 496\" style=\"enable-background:new 0 0 496 496;\" xml:space=\"preserve\">\n<g>\n\t<g>\n\t\t<g>\n\t\t\t<path d=\"M272,240h-16v-16c0-4.418-3.582-8-8-8s-8,3.582-8,8v16h-16c-4.418,0-8,3.582-8,8s3.582,8,8,8h16v16c0,4.418,3.582,8,8,8     s8-3.582,8-8v-16h16c4.418,0,8-3.582,8-8S276.418,240,272,240z\"><\/path>\n\t\t\t<path d=\"M488,240h-48.2C435.523,140.315,355.685,60.477,256,56.2V8c0-4.418-3.582-8-8-8s-8,3.582-8,8v48.2     C140.315,60.477,60.477,140.315,56.2,240H8c-4.418,0-8,3.582-8,8s3.582,8,8,8h48.2c4.277,99.685,84.115,179.523,183.8,183.8V488     c0,4.418,3.582,8,8,8s8-3.582,8-8v-48.2c99.685-4.277,179.523-84.115,183.8-183.8H488c4.418,0,8-3.582,8-8S492.418,240,488,240z      M376,256h47.8c-4.241,90.859-76.941,163.559-167.8,167.8V376c0-4.418-3.582-8-8-8s-8,3.582-8,8v47.8     C149.141,419.559,76.441,346.859,72.2,256H120c4.418,0,8-3.582,8-8s-3.582-8-8-8H72.2C76.441,149.141,149.141,76.441,240,72.2     V120c0,4.418,3.582,8,8,8s8-3.582,8-8V72.2c90.859,4.241,163.559,76.941,167.8,167.8H376c-4.418,0-8,3.582-8,8     S371.582,256,376,256z\"><\/path>\n\t\t\t<path d=\"M248,160c-48.601,0-88,39.399-88,88c0,48.601,39.399,88,88,88s88-39.399,88-88C335.943,199.423,296.577,160.057,248,160z      M248,320c-39.764,0-72-32.236-72-72c0-39.765,32.236-72,72-72c39.765,0,72,32.235,72,72     C319.956,287.746,287.746,319.956,248,320z\"><\/path>\n\t\t<\/g>\n\t<\/g>\n<\/g>\n<g>\n<\/g>\n<g>\n<\/g>\n<g>\n<\/g>\n<g>\n<\/g>\n<g>\n<\/g>\n<g>\n<\/g>\n<g>\n<\/g>\n<g>\n<\/g>\n<g>\n<\/g>\n<g>\n<\/g>\n<g>\n<\/g>\n<g>\n<\/g>\n<g>\n<\/g>\n<g>\n<\/g>\n<g>\n<\/g>\n<\/svg>\t\t\t\t\t\t<\/span>\n\t\t\t\t\t\t\t\t\t\t<span class=\"elementor-icon-list-text\">Strzelania rekreacyjne dla ka\u017cdego, kto chce poczu\u0107 zapach prochu i zm\u0119czy\u0107 si\u0119 idealn\u0105 dawk\u0105 adrenaliny.<\/span>\n\t\t\t\t\t\t\t\t\t<\/li>\n\t\t\t\t\t\t\t\t<li class=\"elementor-icon-list-item\">\n\t\t\t\t\t\t\t\t\t\t\t<span class=\"elementor-icon-list-icon\">\n\t\t\t\t\t\t\t<svg xmlns=\"http:\/\/www.w3.org\/2000\/svg\" xmlns:xlink=\"http:\/\/www.w3.org\/1999\/xlink\" id=\"Capa_1\" x=\"0px\" y=\"0px\" viewBox=\"0 0 496 496\" style=\"enable-background:new 0 0 496 496;\" xml:space=\"preserve\">\n<g>\n\t<g>\n\t\t<g>\n\t\t\t<path d=\"M272,240h-16v-16c0-4.418-3.582-8-8-8s-8,3.582-8,8v16h-16c-4.418,0-8,3.582-8,8s3.582,8,8,8h16v16c0,4.418,3.582,8,8,8     s8-3.582,8-8v-16h16c4.418,0,8-3.582,8-8S276.418,240,272,240z\"><\/path>\n\t\t\t<path d=\"M488,240h-48.2C435.523,140.315,355.685,60.477,256,56.2V8c0-4.418-3.582-8-8-8s-8,3.582-8,8v48.2     C140.315,60.477,60.477,140.315,56.2,240H8c-4.418,0-8,3.582-8,8s3.582,8,8,8h48.2c4.277,99.685,84.115,179.523,183.8,183.8V488     c0,4.418,3.582,8,8,8s8-3.582,8-8v-48.2c99.685-4.277,179.523-84.115,183.8-183.8H488c4.418,0,8-3.582,8-8S492.418,240,488,240z      M376,256h47.8c-4.241,90.859-76.941,163.559-167.8,167.8V376c0-4.418-3.582-8-8-8s-8,3.582-8,8v47.8     C149.141,419.559,76.441,346.859,72.2,256H120c4.418,0,8-3.582,8-8s-3.582-8-8-8H72.2C76.441,149.141,149.141,76.441,240,72.2     V120c0,4.418,3.582,8,8,8s8-3.582,8-8V72.2c90.859,4.241,163.559,76.941,167.8,167.8H376c-4.418,0-8,3.582-8,8     S371.582,256,376,256z\"><\/path>\n\t\t\t<path d=\"M248,160c-48.601,0-88,39.399-88,88c0,48.601,39.399,88,88,88s88-39.399,88-88C335.943,199.423,296.577,160.057,248,160z      M248,320c-39.764,0-72-32.236-72-72c0-39.765,32.236-72,72-72c39.765,0,72,32.235,72,72     C319.956,287.746,287.746,319.956,248,320z\"><\/path>\n\t\t<\/g>\n\t<\/g>\n<\/g>\n<g>\n<\/g>\n<g>\n<\/g>\n<g>\n<\/g>\n<g>\n<\/g>\n<g>\n<\/g>\n<g>\n<\/g>\n<g>\n<\/g>\n<g>\n<\/g>\n<g>\n<\/g>\n<g>\n<\/g>\n<g>\n<\/g>\n<g>\n<\/g>\n<g>\n<\/g>\n<g>\n<\/g>\n<g>\n<\/g>\n<\/svg>\t\t\t\t\t\t<\/span>\n\t\t\t\t\t\t\t\t\t\t<span class=\"elementor-icon-list-text\">Zaj\u0119cia dla dzieci z strzelectwa sportowego z u\u017cyciem broni sportowej, czyli KBKS.<\/span>\n\t\t\t\t\t\t\t\t\t<\/li>\n\t\t\t\t\t\t\t\t<li class=\"elementor-icon-list-item\">\n\t\t\t\t\t\t\t\t\t\t\t<span class=\"elementor-icon-list-icon\">\n\t\t\t\t\t\t\t<svg xmlns=\"http:\/\/www.w3.org\/2000\/svg\" xmlns:xlink=\"http:\/\/www.w3.org\/1999\/xlink\" id=\"Capa_1\" x=\"0px\" y=\"0px\" viewBox=\"0 0 496 496\" style=\"enable-background:new 0 0 496 496;\" xml:space=\"preserve\">\n<g>\n\t<g>\n\t\t<g>\n\t\t\t<path d=\"M272,240h-16v-16c0-4.418-3.582-8-8-8s-8,3.582-8,8v16h-16c-4.418,0-8,3.582-8,8s3.582,8,8,8h16v16c0,4.418,3.582,8,8,8     s8-3.582,8-8v-16h16c4.418,0,8-3.582,8-8S276.418,240,272,240z\"><\/path>\n\t\t\t<path d=\"M488,240h-48.2C435.523,140.315,355.685,60.477,256,56.2V8c0-4.418-3.582-8-8-8s-8,3.582-8,8v48.2     C140.315,60.477,60.477,140.315,56.2,240H8c-4.418,0-8,3.582-8,8s3.582,8,8,8h48.2c4.277,99.685,84.115,179.523,183.8,183.8V488     c0,4.418,3.582,8,8,8s8-3.582,8-8v-48.2c99.685-4.277,179.523-84.115,183.8-183.8H488c4.418,0,8-3.582,8-8S492.418,240,488,240z      M376,256h47.8c-4.241,90.859-76.941,163.559-167.8,167.8V376c0-4.418-3.582-8-8-8s-8,3.582-8,8v47.8     C149.141,419.559,76.441,346.859,72.2,256H120c4.418,0,8-3.582,8-8s-3.582-8-8-8H72.2C76.441,149.141,149.141,76.441,240,72.2     V120c0,4.418,3.582,8,8,8s8-3.582,8-8V72.2c90.859,4.241,163.559,76.941,167.8,167.8H376c-4.418,0-8,3.582-8,8     S371.582,256,376,256z\"><\/path>\n\t\t\t<path d=\"M248,160c-48.601,0-88,39.399-88,88c0,48.601,39.399,88,88,88s88-39.399,88-88C335.943,199.423,296.577,160.057,248,160z      M248,320c-39.764,0-72-32.236-72-72c0-39.765,32.236-72,72-72c39.765,0,72,32.235,72,72     C319.956,287.746,287.746,319.956,248,320z\"><\/path>\n\t\t<\/g>\n\t<\/g>\n<\/g>\n<g>\n<\/g>\n<g>\n<\/g>\n<g>\n<\/g>\n<g>\n<\/g>\n<g>\n<\/g>\n<g>\n<\/g>\n<g>\n<\/g>\n<g>\n<\/g>\n<g>\n<\/g>\n<g>\n<\/g>\n<g>\n<\/g>\n<g>\n<\/g>\n<g>\n<\/g>\n<g>\n<\/g>\n<g>\n<\/g>\n<\/svg>\t\t\t\t\t\t<\/span>\n\t\t\t\t\t\t\t\t\t\t<span class=\"elementor-icon-list-text\">Strzelania integracyjne dla firm i ich pracownik\u00f3w.<\/span>\n\t\t\t\t\t\t\t\t\t<\/li>\n\t\t\t\t\t\t\t\t<li class=\"elementor-icon-list-item\">\n\t\t\t\t\t\t\t\t\t\t\t<span class=\"elementor-icon-list-icon\">\n\t\t\t\t\t\t\t<svg xmlns=\"http:\/\/www.w3.org\/2000\/svg\" xmlns:xlink=\"http:\/\/www.w3.org\/1999\/xlink\" id=\"Capa_1\" x=\"0px\" y=\"0px\" viewBox=\"0 0 496 496\" style=\"enable-background:new 0 0 496 496;\" xml:space=\"preserve\">\n<g>\n\t<g>\n\t\t<g>\n\t\t\t<path d=\"M272,240h-16v-16c0-4.418-3.582-8-8-8s-8,3.582-8,8v16h-16c-4.418,0-8,3.582-8,8s3.582,8,8,8h16v16c0,4.418,3.582,8,8,8     s8-3.582,8-8v-16h16c4.418,0,8-3.582,8-8S276.418,240,272,240z\"><\/path>\n\t\t\t<path d=\"M488,240h-48.2C435.523,140.315,355.685,60.477,256,56.2V8c0-4.418-3.582-8-8-8s-8,3.582-8,8v48.2     C140.315,60.477,60.477,140.315,56.2,240H8c-4.418,0-8,3.582-8,8s3.582,8,8,8h48.2c4.277,99.685,84.115,179.523,183.8,183.8V488     c0,4.418,3.582,8,8,8s8-3.582,8-8v-48.2c99.685-4.277,179.523-84.115,183.8-183.8H488c4.418,0,8-3.582,8-8S492.418,240,488,240z      M376,256h47.8c-4.241,90.859-76.941,163.559-167.8,167.8V376c0-4.418-3.582-8-8-8s-8,3.582-8,8v47.8     C149.141,419.559,76.441,346.859,72.2,256H120c4.418,0,8-3.582,8-8s-3.582-8-8-8H72.2C76.441,149.141,149.141,76.441,240,72.2     V120c0,4.418,3.582,8,8,8s8-3.582,8-8V72.2c90.859,4.241,163.559,76.941,167.8,167.8H376c-4.418,0-8,3.582-8,8     S371.582,256,376,256z\"><\/path>\n\t\t\t<path d=\"M248,160c-48.601,0-88,39.399-88,88c0,48.601,39.399,88,88,88s88-39.399,88-88C335.943,199.423,296.577,160.057,248,160z      M248,320c-39.764,0-72-32.236-72-72c0-39.765,32.236-72,72-72c39.765,0,72,32.235,72,72     C319.956,287.746,287.746,319.956,248,320z\"><\/path>\n\t\t<\/g>\n\t<\/g>\n<\/g>\n<g>\n<\/g>\n<g>\n<\/g>\n<g>\n<\/g>\n<g>\n<\/g>\n<g>\n<\/g>\n<g>\n<\/g>\n<g>\n<\/g>\n<g>\n<\/g>\n<g>\n<\/g>\n<g>\n<\/g>\n<g>\n<\/g>\n<g>\n<\/g>\n<g>\n<\/g>\n<g>\n<\/g>\n<g>\n<\/g>\n<\/svg>\t\t\t\t\t\t<\/span>\n\t\t\t\t\t\t\t\t\t\t<span class=\"elementor-icon-list-text\">Strzelania rekreacyjne pod okoliczno\u015bci imprez: urodzinowych, kawalerskich, panie\u0144skich.<\/span>\n\t\t\t\t\t\t\t\t\t<\/li>\n\t\t\t\t\t\t\t\t<li class=\"elementor-icon-list-item\">\n\t\t\t\t\t\t\t\t\t\t\t<span class=\"elementor-icon-list-icon\">\n\t\t\t\t\t\t\t<svg xmlns=\"http:\/\/www.w3.org\/2000\/svg\" xmlns:xlink=\"http:\/\/www.w3.org\/1999\/xlink\" id=\"Capa_1\" x=\"0px\" y=\"0px\" viewBox=\"0 0 496 496\" style=\"enable-background:new 0 0 496 496;\" xml:space=\"preserve\">\n<g>\n\t<g>\n\t\t<g>\n\t\t\t<path d=\"M272,240h-16v-16c0-4.418-3.582-8-8-8s-8,3.582-8,8v16h-16c-4.418,0-8,3.582-8,8s3.582,8,8,8h16v16c0,4.418,3.582,8,8,8     s8-3.582,8-8v-16h16c4.418,0,8-3.582,8-8S276.418,240,272,240z\"><\/path>\n\t\t\t<path d=\"M488,240h-48.2C435.523,140.315,355.685,60.477,256,56.2V8c0-4.418-3.582-8-8-8s-8,3.582-8,8v48.2     C140.315,60.477,60.477,140.315,56.2,240H8c-4.418,0-8,3.582-8,8s3.582,8,8,8h48.2c4.277,99.685,84.115,179.523,183.8,183.8V488     c0,4.418,3.582,8,8,8s8-3.582,8-8v-48.2c99.685-4.277,179.523-84.115,183.8-183.8H488c4.418,0,8-3.582,8-8S492.418,240,488,240z      M376,256h47.8c-4.241,90.859-76.941,163.559-167.8,167.8V376c0-4.418-3.582-8-8-8s-8,3.582-8,8v47.8     C149.141,419.559,76.441,346.859,72.2,256H120c4.418,0,8-3.582,8-8s-3.582-8-8-8H72.2C76.441,149.141,149.141,76.441,240,72.2     V120c0,4.418,3.582,8,8,8s8-3.582,8-8V72.2c90.859,4.241,163.559,76.941,167.8,167.8H376c-4.418,0-8,3.582-8,8     S371.582,256,376,256z\"><\/path>\n\t\t\t<path d=\"M248,160c-48.601,0-88,39.399-88,88c0,48.601,39.399,88,88,88s88-39.399,88-88C335.943,199.423,296.577,160.057,248,160z      M248,320c-39.764,0-72-32.236-72-72c0-39.765,32.236-72,72-72c39.765,0,72,32.235,72,72     C319.956,287.746,287.746,319.956,248,320z\"><\/path>\n\t\t<\/g>\n\t<\/g>\n<\/g>\n<g>\n<\/g>\n<g>\n<\/g>\n<g>\n<\/g>\n<g>\n<\/g>\n<g>\n<\/g>\n<g>\n<\/g>\n<g>\n<\/g>\n<g>\n<\/g>\n<g>\n<\/g>\n<g>\n<\/g>\n<g>\n<\/g>\n<g>\n<\/g>\n<g>\n<\/g>\n<g>\n<\/g>\n<g>\n<\/g>\n<\/svg>\t\t\t\t\t\t<\/span>\n\t\t\t\t\t\t\t\t\t\t<span class=\"elementor-icon-list-text\">Indywidualne treningi dla os\u00f3b przyst\u0119puj\u0105cych do egzaminu na pozwolenie na bro\u0144 do cel\u00f3w kolekcjonerskich oraz egzaminu na patent strzelecki.<\/span>\n\t\t\t\t\t\t\t\t\t<\/li>\n\t\t\t\t\t\t\t\t<li class=\"elementor-icon-list-item\">\n\t\t\t\t\t\t\t\t\t\t\t<span class=\"elementor-icon-list-icon\">\n\t\t\t\t\t\t\t<svg xmlns=\"http:\/\/www.w3.org\/2000\/svg\" xmlns:xlink=\"http:\/\/www.w3.org\/1999\/xlink\" id=\"Capa_1\" x=\"0px\" y=\"0px\" viewBox=\"0 0 496 496\" style=\"enable-background:new 0 0 496 496;\" xml:space=\"preserve\">\n<g>\n\t<g>\n\t\t<g>\n\t\t\t<path d=\"M272,240h-16v-16c0-4.418-3.582-8-8-8s-8,3.582-8,8v16h-16c-4.418,0-8,3.582-8,8s3.582,8,8,8h16v16c0,4.418,3.582,8,8,8     s8-3.582,8-8v-16h16c4.418,0,8-3.582,8-8S276.418,240,272,240z\"><\/path>\n\t\t\t<path d=\"M488,240h-48.2C435.523,140.315,355.685,60.477,256,56.2V8c0-4.418-3.582-8-8-8s-8,3.582-8,8v48.2     C140.315,60.477,60.477,140.315,56.2,240H8c-4.418,0-8,3.582-8,8s3.582,8,8,8h48.2c4.277,99.685,84.115,179.523,183.8,183.8V488     c0,4.418,3.582,8,8,8s8-3.582,8-8v-48.2c99.685-4.277,179.523-84.115,183.8-183.8H488c4.418,0,8-3.582,8-8S492.418,240,488,240z      M376,256h47.8c-4.241,90.859-76.941,163.559-167.8,167.8V376c0-4.418-3.582-8-8-8s-8,3.582-8,8v47.8     C149.141,419.559,76.441,346.859,72.2,256H120c4.418,0,8-3.582,8-8s-3.582-8-8-8H72.2C76.441,149.141,149.141,76.441,240,72.2     V120c0,4.418,3.582,8,8,8s8-3.582,8-8V72.2c90.859,4.241,163.559,76.941,167.8,167.8H376c-4.418,0-8,3.582-8,8     S371.582,256,376,256z\"><\/path>\n\t\t\t<path d=\"M248,160c-48.601,0-88,39.399-88,88c0,48.601,39.399,88,88,88s88-39.399,88-88C335.943,199.423,296.577,160.057,248,160z      M248,320c-39.764,0-72-32.236-72-72c0-39.765,32.236-72,72-72c39.765,0,72,32.235,72,72     C319.956,287.746,287.746,319.956,248,320z\"><\/path>\n\t\t<\/g>\n\t<\/g>\n<\/g>\n<g>\n<\/g>\n<g>\n<\/g>\n<g>\n<\/g>\n<g>\n<\/g>\n<g>\n<\/g>\n<g>\n<\/g>\n<g>\n<\/g>\n<g>\n<\/g>\n<g>\n<\/g>\n<g>\n<\/g>\n<g>\n<\/g>\n<g>\n<\/g>\n<g>\n<\/g>\n<g>\n<\/g>\n<g>\n<\/g>\n<\/svg>\t\t\t\t\t\t<\/span>\n\t\t\t\t\t\t\t\t\t\t<span class=\"elementor-icon-list-text\">Szkolenia z zakresu obs\u0142ugi broni czarnoprochowej i zasad bezpiecze\u0144stwa na strzelnicy.<\/span>\n\t\t\t\t\t\t\t\t\t<\/li>\n\t\t\t\t\t\t\t\t<li class=\"elementor-icon-list-item\">\n\t\t\t\t\t\t\t\t\t\t\t<span class=\"elementor-icon-list-icon\">\n\t\t\t\t\t\t\t<svg xmlns=\"http:\/\/www.w3.org\/2000\/svg\" xmlns:xlink=\"http:\/\/www.w3.org\/1999\/xlink\" id=\"Capa_1\" x=\"0px\" y=\"0px\" viewBox=\"0 0 496 496\" style=\"enable-background:new 0 0 496 496;\" xml:space=\"preserve\">\n<g>\n\t<g>\n\t\t<g>\n\t\t\t<path d=\"M272,240h-16v-16c0-4.418-3.582-8-8-8s-8,3.582-8,8v16h-16c-4.418,0-8,3.582-8,8s3.582,8,8,8h16v16c0,4.418,3.582,8,8,8     s8-3.582,8-8v-16h16c4.418,0,8-3.582,8-8S276.418,240,272,240z\"><\/path>\n\t\t\t<path d=\"M488,240h-48.2C435.523,140.315,355.685,60.477,256,56.2V8c0-4.418-3.582-8-8-8s-8,3.582-8,8v48.2     C140.315,60.477,60.477,140.315,56.2,240H8c-4.418,0-8,3.582-8,8s3.582,8,8,8h48.2c4.277,99.685,84.115,179.523,183.8,183.8V488     c0,4.418,3.582,8,8,8s8-3.582,8-8v-48.2c99.685-4.277,179.523-84.115,183.8-183.8H488c4.418,0,8-3.582,8-8S492.418,240,488,240z      M376,256h47.8c-4.241,90.859-76.941,163.559-167.8,167.8V376c0-4.418-3.582-8-8-8s-8,3.582-8,8v47.8     C149.141,419.559,76.441,346.859,72.2,256H120c4.418,0,8-3.582,8-8s-3.582-8-8-8H72.2C76.441,149.141,149.141,76.441,240,72.2     V120c0,4.418,3.582,8,8,8s8-3.582,8-8V72.2c90.859,4.241,163.559,76.941,167.8,167.8H376c-4.418,0-8,3.582-8,8     S371.582,256,376,256z\"><\/path>\n\t\t\t<path d=\"M248,160c-48.601,0-88,39.399-88,88c0,48.601,39.399,88,88,88s88-39.399,88-88C335.943,199.423,296.577,160.057,248,160z      M248,320c-39.764,0-72-32.236-72-72c0-39.765,32.236-72,72-72c39.765,0,72,32.235,72,72     C319.956,287.746,287.746,319.956,248,320z\"><\/path>\n\t\t<\/g>\n\t<\/g>\n<\/g>\n<g>\n<\/g>\n<g>\n<\/g>\n<g>\n<\/g>\n<g>\n<\/g>\n<g>\n<\/g>\n<g>\n<\/g>\n<g>\n<\/g>\n<g>\n<\/g>\n<g>\n<\/g>\n<g>\n<\/g>\n<g>\n<\/g>\n<g>\n<\/g>\n<g>\n<\/g>\n<g>\n<\/g>\n<g>\n<\/g>\n<\/svg>\t\t\t\t\t\t<\/span>\n\t\t\t\t\t\t\t\t\t\t<span class=\"elementor-icon-list-text\">Kursy dla funkcjonariuszy policji i \u017co\u0142nierzy z zakresu wyszkolenia strzeleckiego z u\u017cyciem broni sportowej ma\u0142ego kalibru 22lr, broni bojowej g\u0142adkolufowej i centralnego zap\u0142onu w postaci pistolet\u00f3w, rewolwer\u00f3w, karabink\u00f3w i karabin\u00f3w. Po zako\u0144czonym kursie, kursant otrzyma za\u015bwiadczenie o odbytym przeszkoleniu z danych kategorii broni. Za\u015bwiadczenie uprawnia funkcjonariusza do otrzymania pozwolenia na bro\u0144 do cel\u00f3w kolekcjonerskich we wszystkich kategoriach broni.<\/span>\n\t\t\t\t\t\t\t\t\t<\/li>\n\t\t\t\t\t\t<\/ul>\n\t\t\t\t<\/div>\n\t\t\t\t<\/div>\n\t\t\t\t\t\t<\/div>\n\t\t\t\t\t<\/div>\n\t\t<\/div>\n\t\t\t\t\t\t\t\t<\/div>\n\t\t\t\t\t<\/div>\n\t\t<\/section>\n\t\t\t\t\t\t<\/div>\n\t\t\t\t\t\t<\/div>\n\t\t\t\t\t<\/div>\n\t\t","protected":false},"excerpt":{"rendered":"<p>Ofert\u0119 kieruj\u0119 do os\u00f3b zainteresowanych zdobyciem do\u015bwiadczenia w dziedzinie strzelectwa i znajomo\u015bci obs\u0142ugi broni palnej. Nie musisz mie\u0107 \u017cadnego do\u015bwiadczenia, ani uprawnie\u0144, aby postrzela\u0107 z prawdziwej broni palnej.Oferuj\u0119: Strzelania rekreacyjne dla ka\u017cdego, kto chce poczu\u0107 zapach prochu i zm\u0119czy\u0107 si\u0119 idealn\u0105 dawk\u0105 adrenaliny. Zaj\u0119cia dla dzieci z strzelectwa sportowego z u\u017cyciem broni sportowej, czyli KBKS. [&hellip;]<\/p>\n","protected":false},"author":1,"featured_media":0,"parent":0,"menu_order":0,"comment_status":"closed","ping_status":"closed","template":"page-templates\/full-width-page.php","meta":[],"yoast_head":"<!-- This site is optimized with the Yoast SEO Premium plugin v17.0 (Yoast SEO v17.0) - https:\/\/yoast.com\/wordpress\/plugins\/seo\/ -->\n<title>Oferta Szko\u0142a Strzelania Wroc\u0142aw Strzelnica Wroc\u0142aw Bro\u0144 Pistolet &mdash; shoot-gun.pl Szko\u0142a Strzelania Wroc\u0142aw<\/title>\n<meta name=\"description\" content=\"Szko\u0142a %Strzelania %Wroc\u0142aw %Strzelnica %Bro\u0144 %Pistolet\" \/>\n<meta name=\"robots\" content=\"index, follow, max-snippet:-1, max-image-preview:large, max-video-preview:-1\" \/>\n<link rel=\"canonical\" href=\"https:\/\/shoot-gun.pl\/index.php\/oferta\/\" \/>\n<meta property=\"og:locale\" content=\"en_US\" \/>\n<meta property=\"og:type\" content=\"article\" \/>\n<meta property=\"og:title\" content=\"Oferta\" \/>\n<meta property=\"og:description\" content=\"Szko\u0142a %Strzelania %Wroc\u0142aw %Strzelnica %Bro\u0144 %Pistolet\" \/>\n<meta property=\"og:url\" content=\"https:\/\/shoot-gun.pl\/index.php\/oferta\/\" \/>\n<meta property=\"og:site_name\" content=\"shoot-gun.pl\" \/>\n<meta property=\"article:modified_time\" content=\"2021-09-07T11:47:32+00:00\" \/>\n<meta name=\"twitter:card\" content=\"summary_large_image\" \/>\n<meta name=\"twitter:label1\" content=\"Est. reading time\" \/>\n\t<meta name=\"twitter:data1\" content=\"1 minute\" \/>\n<script type=\"application\/ld+json\" class=\"yoast-schema-graph\">{\"@context\":\"https:\/\/schema.org\",\"@graph\":[{\"@type\":\"WebSite\",\"@id\":\"https:\/\/shoot-gun.pl\/#website\",\"url\":\"https:\/\/shoot-gun.pl\/\",\"name\":\"shoot-gun.pl\",\"description\":\"Z pasji do strzelectwa.\",\"potentialAction\":[{\"@type\":\"SearchAction\",\"target\":{\"@type\":\"EntryPoint\",\"urlTemplate\":\"https:\/\/shoot-gun.pl\/?s={search_term_string}\"},\"query-input\":\"required name=search_term_string\"}],\"inLanguage\":\"en-US\"},{\"@type\":\"WebPage\",\"@id\":\"https:\/\/shoot-gun.pl\/index.php\/oferta\/#webpage\",\"url\":\"https:\/\/shoot-gun.pl\/index.php\/oferta\/\",\"name\":\"Oferta Szko\\u0142a Strzelania Wroc\\u0142aw Strzelnica Wroc\\u0142aw Bro\\u0144 Pistolet &mdash; shoot-gun.pl Szko\\u0142a Strzelania Wroc\\u0142aw\",\"isPartOf\":{\"@id\":\"https:\/\/shoot-gun.pl\/#website\"},\"datePublished\":\"2020-09-17T18:37:47+00:00\",\"dateModified\":\"2021-09-07T11:47:32+00:00\",\"description\":\"Szko\\u0142a %Strzelania %Wroc\\u0142aw %Strzelnica %Bro\\u0144 %Pistolet\",\"breadcrumb\":{\"@id\":\"https:\/\/shoot-gun.pl\/index.php\/oferta\/#breadcrumb\"},\"inLanguage\":\"en-US\",\"potentialAction\":[{\"@type\":\"ReadAction\",\"target\":[\"https:\/\/shoot-gun.pl\/index.php\/oferta\/\"]}]},{\"@type\":\"BreadcrumbList\",\"@id\":\"https:\/\/shoot-gun.pl\/index.php\/oferta\/#breadcrumb\",\"itemListElement\":[{\"@type\":\"ListItem\",\"position\":1,\"name\":\"Home\",\"item\":\"https:\/\/shoot-gun.pl\/\"},{\"@type\":\"ListItem\",\"position\":2,\"name\":\"Oferta\"}]}]}<\/script>\n<!-- \/ Yoast SEO Premium plugin. -->","yoast_head_json":{"title":"Oferta Szko\u0142a Strzelania Wroc\u0142aw Strzelnica Wroc\u0142aw Bro\u0144 Pistolet &mdash; shoot-gun.pl Szko\u0142a Strzelania Wroc\u0142aw","description":"Szko\u0142a %Strzelania %Wroc\u0142aw %Strzelnica %Bro\u0144 %Pistolet","robots":{"index":"index","follow":"follow","max-snippet":"max-snippet:-1","max-image-preview":"max-image-preview:large","max-video-preview":"max-video-preview:-1"},"canonical":"https:\/\/shoot-gun.pl\/index.php\/oferta\/","og_locale":"en_US","og_type":"article","og_title":"Oferta","og_description":"Szko\u0142a %Strzelania %Wroc\u0142aw %Strzelnica %Bro\u0144 %Pistolet","og_url":"https:\/\/shoot-gun.pl\/index.php\/oferta\/","og_site_name":"shoot-gun.pl","article_modified_time":"2021-09-07T11:47:32+00:00","twitter_card":"summary_large_image","twitter_misc":{"Est. reading time":"1 minute"},"schema":{"@context":"https:\/\/schema.org","@graph":[{"@type":"WebSite","@id":"https:\/\/shoot-gun.pl\/#website","url":"https:\/\/shoot-gun.pl\/","name":"shoot-gun.pl","description":"Z pasji do strzelectwa.","potentialAction":[{"@type":"SearchAction","target":{"@type":"EntryPoint","urlTemplate":"https:\/\/shoot-gun.pl\/?s={search_term_string}"},"query-input":"required name=search_term_string"}],"inLanguage":"en-US"},{"@type":"WebPage","@id":"https:\/\/shoot-gun.pl\/index.php\/oferta\/#webpage","url":"https:\/\/shoot-gun.pl\/index.php\/oferta\/","name":"Oferta Szko\u0142a Strzelania Wroc\u0142aw Strzelnica Wroc\u0142aw Bro\u0144 Pistolet &mdash; shoot-gun.pl Szko\u0142a Strzelania Wroc\u0142aw","isPartOf":{"@id":"https:\/\/shoot-gun.pl\/#website"},"datePublished":"2020-09-17T18:37:47+00:00","dateModified":"2021-09-07T11:47:32+00:00","description":"Szko\u0142a %Strzelania %Wroc\u0142aw %Strzelnica %Bro\u0144 %Pistolet","breadcrumb":{"@id":"https:\/\/shoot-gun.pl\/index.php\/oferta\/#breadcrumb"},"inLanguage":"en-US","potentialAction":[{"@type":"ReadAction","target":["https:\/\/shoot-gun.pl\/index.php\/oferta\/"]}]},{"@type":"BreadcrumbList","@id":"https:\/\/shoot-gun.pl\/index.php\/oferta\/#breadcrumb","itemListElement":[{"@type":"ListItem","position":1,"name":"Home","item":"https:\/\/shoot-gun.pl\/"},{"@type":"ListItem","position":2,"name":"Oferta"}]}]}},"_links":{"self":[{"href":"https:\/\/shoot-gun.pl\/index.php\/wp-json\/wp\/v2\/pages\/144"}],"collection":[{"href":"https:\/\/shoot-gun.pl\/index.php\/wp-json\/wp\/v2\/pages"}],"about":[{"href":"https:\/\/shoot-gun.pl\/index.php\/wp-json\/wp\/v2\/types\/page"}],"author":[{"embeddable":true,"href":"https:\/\/shoot-gun.pl\/index.php\/wp-json\/wp\/v2\/users\/1"}],"replies":[{"embeddable":true,"href":"https:\/\/shoot-gun.pl\/index.php\/wp-json\/wp\/v2\/comments?post=144"}],"version-history":[{"count":20,"href":"https:\/\/shoot-gun.pl\/index.php\/wp-json\/wp\/v2\/pages\/144\/revisions"}],"predecessor-version":[{"id":502,"href":"https:\/\/shoot-gun.pl\/index.php\/wp-json\/wp\/v2\/pages\/144\/revisions\/502"}],"wp:attachment":[{"href":"https:\/\/shoot-gun.pl\/index.php\/wp-json\/wp\/v2\/media?parent=144"}],"curies":[{"name":"wp","href":"https:\/\/api.w.org\/{rel}","templated":true}]}}